 655 is divided by 50?
5
Calculate the remainder when 789 is divided by 21.
12
Calculate the remainder when 353 is divided by 36.
29
Calculate the remainder when 404 is divided by 81.
80
What is the remainder when 674 is divided by 27?
26
Calculate the remainder when 294 is divided by 23.
18
Calculate the remainder when 1800 is divided by 29.
2
Calculate the remainder when 309 is divided by 27.
12
Calculate the remainder when 143 is divided by 28.
3
What is the remainder when 2954 is divided by 15?
14
What is the remainder when 1010 is divided by 203?
198
What is the remainder when 61 is divided by 13?
9
What is the remainder when 97 is divided by 92?
5
What is the remainder when 25 is divided by 6?
1
Calculate the remainder when 33 is divided by 14.
5
Calculate the remainder when 42 is divided by 18.
6
What is the remainder when 5357 is divided by 128?
109
What is the remainder when 3914 is divided by 16?
10
What is the remainder when 787 is divided by 16?
3
Calculate the remainder when 13496 is divided by 2248.
8
What is the remainder when 99 is divided by 15?
9
What is the remainder when 314 is divided by 15?
14
What is the remainder when 943 is divided by 313?
4
What is the remainder when 190 is divided by 13?
8
What is the remainder when 327 is divided by 69?
51
Calculate the remainder when 103 is divided by 7.
5
What is the remainder when 38 is divided by 13?
12
What is the remainder when 690 is divided by 33?
30
What is the remainder when 41 is divided by 30?
11
What is the remainder when 255 is divided by 119?
17
Calculate the remainder when 657 is divided by 30.
27
What is the remainder when 125 is divided by 46?
33
Calculate the remainder when 65 is divided by 53.
12
What is the remainder when 2336 is divided by 12?
8
Calculate the remainder when 5379 is divided by 207.
204
Calculate the remainder when 239 is divided by 79.
2
What is the remainder when 380 is divided by 48?
44
What is the remainder when 816 is divided by 164?
160
What is the remainder when 726 is divided by 61?
55
What is the remainder when 351 is divided by 20?
11
Calculate the remainder when 4692 is divided by 1557.
21
Calculate the remainder when 140 is divided by 15.
5
Calculate the remainder when 576 is divided by 83.
78
Calculate the remainder when 1761 is divided by 856.
49
What is the remainder when 907 is divided by 320?
267
Calculate the remainder when 1377 is divided by 23.
20
Calculate the remainder when 240 is divided by 77.
9
What is the remainder when 387 is divided by 135?
117
Calculate the remainder when 2765 is divided by 919.
8
What is the remainder when 1034 is divided by 211?
190
What is the remainder when 6683 is divided by 3339?
5
Calculate the remainder when 1031 is divided by 19.
5
What is the remainder when 161 is divided by 51?
8
What is the remainder when 158 is divided by 51?
5
What is the remainder when 4686 is divided by 1545?
51
What is the remainder when 183 is divided by 6?
3
Calculate the remainder when 487 is divided by 93.
22
Calculate the remainder when 584 is divided by 18.
8
Calculate the remainder when 3146 is divided by 42.
38
Calculate the remainder when 342 is divided by 26.
4
Calculate the remainder when 970 is divided by 66.
46
What is the remainder when 383 is divided by 55?
53
Calculate the remainder when 1052 is divided by 114.
26
What is the remainder when 99 is divided by 21?
15
Calculate the remainder when 32 is divided by 12.
8
What is the remainder when 4714 is divided by 115?
114
Calculate the remainder when 4858 is divided by 58.
44
What is the remainder when 173 is divided by 20?
13
Calculate the remainder when 1898 is divided by 20.
18
Calculate the remainder when 406 is divided by 8.
6
What is the remainder when 70 is divided by 52?
18
What is the remainder when 1880 is divided by 99?
98
Calculate the remainder when 28 is divided by 10.
8
What is the remainder when 2446 is divided by 136?
134
What is the remainder when 3430 is divided by 26?
24
What is the remainder when 1230 is divided by 19?
14
What is the remainder when 1195 is divided by 19?
17
Calculate the remainder when 686 is divided by 235.
216
What is the remainder when 6374 is divided by 55?
49
Calculate the remainder when 87 is divided by 23.
18
Calculate the remainder when 1293 is divided by 72.
69
What is the remainder when 11698 is divided by 13?
11
What is the remainder when 243 is divided by 129?
114
What is the remainder when 549 is divided by 14?
3
What is the remainder when 757 is divided by 23?
21
What is the remainder when 2779 is divided by 81?
25
Calculate the remainder when 561 is divided by 535.
26
What is the remainder when 1435 is divided by 120?
115
Calculate the remainder when 41 is divided by 39.
2
What is the remainder when 18 is divided by 6?
0
Calculate the remainder when 1032 is divided by 30.
12
Calculate the remainder when 14097 is divided by 188.
185
What is the remainder when 213 is divided by 3?
0
What is the remainder when 840 is divided by 1?
0
What is the remainder when 159 is divided by 124?
35
Calculate the remainder when 152 is divided by 39.
35
Calculate the remainder when 73 is divided by 19.
16
Calculate the remainder when 405 is divided by 133.
6
Calculate the remainder when 383 is divided by 23.
15
Calculate the remainder when 1959 is divided by 56.
55
What is the remainder when 1033 is divided by 183?
118
What is the remainder when 413 is divided by 35?
28
Calculate the remainder when 270 is divided by 16.
14
What is the remainder when 127 is divided by 32?
31
Calculate the remainder when 872 is divided by 23.
21
What is the remainder when 353 is divided by 7?
3
Calculate the remainder when 468 is divided by 426.
42
What is the remainder when 564 is divided by 95?
89
What is the remainder when 198 is divided by 92?
14
What is the remainder when 301 is divided by 282?
19
Calculate the remainder when 243 is divided by 30.
3
Calculate the remainder when 108 is divided by 65.
43
What is the remainder when 25 is divided by 11?
3
Calculate the remainder when 432 is divided by 29.
26
Calculate the remainder when 232 is divided by 57.
4
Calculate the remainder when 1386 is divided by 205.
156
What is the remainder when 175 is divided by 39?
19
Calculate the remainder when 233 is divided by 18.
17
What is the remainder when 69617 is divided by 246?
245
Calculate the remainder when 399 is divided by 109.
72
Calculate the remainder when 59 is divided by 54.
5
What is the remainder when 210 is divided by 63?
21
What is the remainder when 46 is divided by 10?
6
What is the remainder when 312 is divided by 52?
0
Calculate the remainder when 154 is divided by 28.
14
What is the remainder when 9273 is divided by 20?
13
Calculate the remainder when 3250 is divided by 6.
4
Calculate the remainder when 618 is divided by 31.
29
Calculate the remainder when 1943 is divided by 98.
81
Calculate the remainder when 166 is divided by 53.
7
What is the remainder when 22 is divided by 5?
2
Calculate the remainder when 1839 is divided by 77.
68
Calculate the remainder when 78 is divided by 56.
22
What is the remainder when 299 is divided by 43?
41
What is the remainder when 55 is divided by 23?
9
Calculate the remainder when 504 is divided by 101.
100
Calculate the remainder when 31 is divided by 20.
11
What is the remainder when 516 is divided by 237?
42
Calculate the remainder when 1407 is divided by 157.
151
What is the remainder when 283 is divided by 57?
55
What is the remainder when 296 is divided by 8?
0
What is the remainder when 17 is divided by 13?
4
What is the remainder when 51 is divided by 16?
3
What is the remainder when 3019 is divided by 94?
11
What is the remainder when 233 is divided by 59?
56
Calculate the remainder when 15860 is divided by 14.
12
Calculate the remainder when 187 is divided by 142.
45
What is the remainder when 470 is divided by 74?
26
Calculate the remainder when 1571 is divided by 62.
21
Calculate the remainder when 381 is divided by 47.
5
Calculate the remainder when 454 is divided by 139.
37
Calculate the remainder when 582 is divided by 98.
92
What is the remainder when 2298 is divided by 766?
0
Calculate the remainder when 809 is divided by 137.
124
What is the remainder when 455 is divide